{"id":7,"date":"2024-02-09T12:12:54","date_gmt":"2024-02-09T16:12:54","guid":{"rendered":"https:\/\/iamaw3011.ca\/?page_id=7"},"modified":"2026-01-29T14:48:20","modified_gmt":"2026-01-29T18:48:20","slug":"executive","status":"publish","type":"page","link":"https:\/\/iamaw3011.ca\/?page_id=7","title":{"rendered":"Executive Members \/ Membres de l&#8217;ex\u00e9cutif"},"content":{"rendered":"\n<p><strong>President<\/strong> \/ Pr\u00e9sident &#8211; Christopher Schulz<\/p>\n\n\n\n<p><strong>Vice-President&nbsp;<\/strong>\/ Vice-Pr\u00e9sident \u2013 Ryan Husk<\/p>\n\n\n\n<p><strong>Secretary-Treasurer<\/strong> \/ Secr\u00e9taire-Tr\u00e9sorier &#8211; Stacey Mirowski <\/p>\n\n\n\n<p><strong>Trustee &amp; Chief Steward<\/strong> (appointed) \/ Administrateur et D\u00e9l\u00e9gu\u00e9e syndicale en chef (d\u00e9sign\u00e9) &#8211; Crystal Stewart<\/p>\n\n\n\n<p><strong>Recording Secretary <\/strong>\/ Secr\u00e9taire-archiviste &#8211; Andria Desjardins<\/p>\n\n\n\n<p><strong>Trustee <\/strong>\/ Administrateur syndical &#8211;  Andrea Lawrie<\/p>\n\n\n\n<p><strong>Trustee <\/strong>\/ Administrateur syndical &#8211; Audra Williams<\/p>\n\n\n\n<p><strong>Trustee<\/strong> \/ Administrateur syndical &#8211; Katherine Kenney<\/p>\n\n\n\n<p><strong>Conductor Sentinel <\/strong>\/ Sentinelle &#8211; Diane Lanthier<\/p>\n\n\n\n<hr class=\"wp-block-separator has-alpha-channel-opacity\"\/>\n\n\n\n<div class=\"wp-block-columns is-layout-flex wp-container-core-columns-is-layout-9d6595d7 wp-block-columns-is-layout-flex\">\n<div class=\"wp-block-column is-layout-flow wp-block-column-is-layout-flow\">\n<p><strong>IAM Local Appointed Officers <\/strong> <\/p>\n<\/div>\n<\/div>\n\n\n\n<p><strong>Communicator<\/strong> &#8211; Caitlin Armstrong<\/p>\n\n\n\n<p><strong>Educator<\/strong> &#8211; Patricia Chong<\/p>\n\n\n\n<p><\/p>\n","protected":false},"excerpt":{"rendered":"<p>President \/ Pr\u00e9sident &#8211; Christopher Schulz Vice-President&nbsp;\/ Vice-Pr\u00e9sident \u2013 Ryan Husk Secretary-Treasurer \/ Secr\u00e9taire-Tr\u00e9sorier &#8211; Stacey Mirowski Trustee &amp; Chief Steward (appointed) \/ Administrateur et<\/p>\n","protected":false},"author":9,"featured_media":0,"parent":0,"menu_order":2,"comment_status":"closed","ping_status":"closed","template":"","meta":{"footnotes":""},"class_list":["post-7","page","type-page","status-publish","hentry"],"_links":{"self":[{"href":"https:\/\/iamaw3011.ca\/index.php?rest_route=\/wp\/v2\/pages\/7","targetHints":{"allow":["GET"]}}],"collection":[{"href":"https:\/\/iamaw3011.ca\/index.php?rest_route=\/wp\/v2\/pages"}],"about":[{"href":"https:\/\/iamaw3011.ca\/index.php?rest_route=\/wp\/v2\/types\/page"}],"author":[{"embeddable":true,"href":"https:\/\/iamaw3011.ca\/index.php?rest_route=\/wp\/v2\/users\/9"}],"replies":[{"embeddable":true,"href":"https:\/\/iamaw3011.ca\/index.php?rest_route=%2Fwp%2Fv2%2Fcomments&post=7"}],"version-history":[{"count":19,"href":"https:\/\/iamaw3011.ca\/index.php?rest_route=\/wp\/v2\/pages\/7\/revisions"}],"predecessor-version":[{"id":556,"href":"https:\/\/iamaw3011.ca\/index.php?rest_route=\/wp\/v2\/pages\/7\/revisions\/556"}],"wp:attachment":[{"href":"https:\/\/iamaw3011.ca\/index.php?rest_route=%2Fwp%2Fv2%2Fmedia&parent=7"}],"curies":[{"name":"wp","href":"https:\/\/api.w.org\/{rel}","templated":true}]}}